 54 = -3*j, -2*j - 6*a + 37 = -5*a. Calculate the greatest common factor of k and j.
17
Suppose 3*n - 48 = -0*n. Suppose 4*u = 4*m - m + 160, -4*m - 40 = -u. Calculate the greatest common factor of n and u.
8
Let s = -323 - -377. What is the highest common divisor of s and 378?
54
Suppose 746 - 1418 = -6*l. Calculate the highest common factor of l and 14.
14
Suppose 0 = -7*h + 205 + 215. Calculate the greatest common divisor of 384 and h.
12
Suppose -5*i + 8*l + 1600 = 3*l, 0 = -3*i - 5*l + 992. Calculate the highest common factor of i and 81.
81
Let d be 38/(-133) - 340/(-14). What is the greatest common factor of 408 and d?
24
Let c = 12505 + -7216. What is the highest common divisor of c and 129?
129
Suppose 4*c - 2*n - 29 = 9, -n = 4*c - 23. Let o = 5052 + -4975. Calculate the highest common factor of o and c.
7
Let x(j) = -5*j**3 + j**2 - 12*j - 18. Let i be x(-4). Calculate the greatest common divisor of i and 610.
122
Suppose 154 - 34 = 12*p. Calculate the greatest common divisor of 25 and p.
5
Suppose -16*g + 603 = 171. Suppose 177 = 5*p - 228. Calculate the highest common factor of p and g.
27
Let m be (-2 - 2)/4 - -1153. Suppose 9*y - m = 6*y. Suppose -4*c + y = p, -6*c + c + 480 = p. What is the highest common divisor of 12 and c?
12
Let d be (-15)/6*(-696)/5. Calculate the highest common divisor of d and 24.
12
Let g be (1/(-2))/((-5)/(-40)). Let f be 4/g + -2 - -59. What is the greatest common divisor of f and 7?
7
Let g = 297 + -283. What is the greatest common factor of g and 378?
14
Suppose -3*j = j - 72. Suppose -3*s = -2*s - 14. Let c = 23 - s. What is the highest common factor of c and j?
9
Let l be ((-55)/3)/((-1)/(-3)). Let w = -22 - l. Suppose 17*o - 28 = -2*p + 19*o, 4*p = -5*o + 29. Calculate the greatest common factor of w and p.
11
Suppose -6*s + 4*s = -5*k - 32, 12 = -3*k. Calculate the greatest common divisor of 16 and s.
2
Let h be (-158)/(-14) + (-2)/7. Let a(i) = -i**2 - 11*i + 33. Let z be a(-11). Calculate the greatest common divisor of z and h.
11
Let p(h) = -h + 3. Let w be p(-3). Let m be (-28 + 25)/(w/(-20)). Calculate the highest common divisor of 20 and m.
10
Let x(a) = a**2 - 5*a - 24. Suppose 0 = -4*y + 14 + 26. Let n be x(y). Calculate the greatest common divisor of n and 156.
26
Let c be (-59)/(-18)*15 + 3/(-18). Calculate the highest common divisor of c and 931.
49
Suppose -13 = -33*z + 1241. Let n(p) = -15*p - 3. Let v be n(-4). Calculate the greatest common divisor of v and z.
19
Let h be (2 - 27)*(-3)/5. Suppose 5*q - 3 = 12. Calculate the highest common factor of q and h.
3
Let l = 260 + -246. What is the highest common divisor of 7 and l?
7
Let p(k) = -k**2 - 12*k + 3. Let c be p(-9). Suppose 0 = -2*l + 2*a + c, 3*l - 19 = -3*a + 20. What is the highest common divisor of l and 84?
14
Suppose 8*m - i = 6*m + 264, -2*m - 2*i = -270. Calculate the greatest common factor of m and 38.
19
Suppose -4*s - 3*q - 53 = 0, -23 = s + 5*q - q. Let n be 2/s + 2151/33. What is the highest common divisor of 13 and n?
13
Let p(w) = -11*w - 405. Let a be p(-38). What is the highest common factor of a and 65?
13
Let r be (-13700)/(-90) - 2/9. What is the greatest common factor of 24 and r?
8
Suppose 15 = 5*j - 20. Suppose -2*k + j = 5*l - 13, l + 5*k + 19 = 0. What is the highest common divisor of 30 and l?
6
Suppose 48 = i + 2*i - 4*u, 0 = 4*i - 2*u - 74. Let z = 196 - i. What is the greatest common divisor of z and 22?
22
Let x be ((-3 + 3)/(-4))/(-2). Suppose x = -4*r + 3 + 5. Let q(k) = 8*k**3 - 2*k**2 - k. Let b be q(r). Calculate the greatest common divisor of 36 and b.
18
Suppose 0 = -93*z - 8*z + 211191. Calculate the greatest common factor of 123 and z.
123
Suppose 0 = 6*k - 4*k + 5*u - 188, 3*k - 2*u - 301 = 0. What is the highest common divisor of k and 363?
33
Suppose -3*q - 3 = -3*r, 0 = -q - 0*q + 2*r - 6. Suppose -5*j - 4 = 1, q*j = 4*i - 52. What is the highest common divisor of i and 12?
12
Suppose 269 + 51 = 4*p. Suppose -2*t + 7*t = 0. Let h(j) = -j**3 - j**2 - 2*j + 10. Let z be h(t). Calculate the highest common factor of z and p.
10
Let k = -245 - -487. What is the greatest common divisor of k and 44?
22
Let k be 5*(-2 - -7 - 2). Calculate the greatest common divisor of k and 240.
15
Let p(v) = 28*v - 206. Let c be p(8). Calculate the greatest common factor of 72 and c.
18
Let q(w) = 0 + 4 - 3 + 8*w. Let i be q(3). Suppose -189 = -4*k + u + 916, 4*k - 1075 = -5*u. What is the greatest common factor of i and k?
25
Let l be (-4 + (2 - 1))*240/(-18). What is the greatest common divisor of 100 and l?
20
Suppose q + 4*r - 15 = 0, 4*q + 2*r - 118 = -2. What is the greatest common divisor of q and 124?
31
Suppose -2*u - 6 = 3*f, -2*u - 7 = 5*f + 3. Suppose u = 2*j - 16 + 2. Let t(n) = -2*n**2 - n + 21. Let c be t(0). What is the highest common factor of c and j?
7
Let o = 16 + 0. Let l be (4/10)/(4 - (-8)/(4800/(-2397))). What is the highest common divisor of o and l?
16
Let n = -4 - -9. Suppose o - n*o + 276 = 0. Calculate the highest common divisor of 46 and o.
23
Let k(o) = 3*o**2 - 3*o - 7. Let z be k(-3). Suppose -d + 5*d = h - 29, h = 5*d + z. What is the highest common divisor of h and 145?
29
Suppose -780 = 6*s - 810. What is the highest common factor of 35 and s?
5
Let o = 22 + -23. Let s be -3 + 7 + (o - -2)*2. Calculate the highest common factor of 24 and s.
6
Let z(k) = -1. Let q(g) = -13*g + 12. Let u(h) = -q(h) - 6*z(h). Let p be u(9). Calculate the greatest common factor of p and 37.
37
Let a = -88 - -154. What is the highest common divisor of a and 154?
22
Suppose -2*a = a - 12, 4*f = 2*a. Let t = 2 - -2. Let s(u) = -u**2 + 5*u + 1. Let v be s(t). Calculate the greatest common divisor of f and v.
1
Let q be 1 + 1/(68/16 - 4). Suppose -q*h = -j + 75, -4*j + 346 = j + 4*h. What is the highest common divisor of j and 10?
10
Let h(v) = 64*v**2 + 12*v - 10. Let t be h(1). What is the highest common divisor of 638 and t?
22
Let j(c) = 4*c + 192. Let b be j(-29). Let a(m) = m**2 + 3. Let n be a(4). Calculate the greatest common factor of n and b.
19
Let w be (2 + 13 - 0) + -2. Let n be 78/((98/21)/7). Calculate the greatest common factor of n and w.
13
Let l be (-175)/((-1)/3 - (-4)/(-6)). What is the highest common factor of l and 140?
35
Let r be 136/10 + (-18)/(-45). Suppose 2 = -4*p + 10. What is the greatest common factor of r and p?
2
Suppose -39 = -3*q + 3*x, q - 2*x + 72 = 6*q. Let v = q + -12. Let t be (0 - v) + (5 - -1). Calculate the highest common divisor of t and 12.
4
Suppose -2*m = -2*g + 38, g + 64 = 4*g + 4*m. Suppose 9*i - 7*i - 115 = 3*u, -3*u = -3*i + 165. What is the greatest common factor of g and i?
10
Suppose -3*f + 180 + 198 = v, 0 = 2*f. What is the greatest common divisor of v and 294?
42
Let c(r) = 3*r + 79. Let o be c(15). What is the highest common divisor of 93 and o?
31
Let t be (3/(-4))/(1/(-16)). Calculate the greatest common divisor of 84 and t.
12
Suppose 39*v - 312 = 27*v. Calculate the greatest common divisor of 65 and v.
13
Suppose 9*f - 10*f + 87 = 0. Suppose 2*h - 3*h - v + f = 0, -h = -4*v - 77. What is the greatest common divisor of h and 17?
17
Let b(u) = -u**2 - 34*u + 32. Let h be b(-27). What is the highest common factor of 51 and h?
17
Let s(l) = -2*l**3 - 31*l**2 - 9*l - 24. Let f be s(-16). What is the highest common divisor of 329 and f?
47
Let u(g) = 4*g**2 + g + 5. Let j be u(-9). Suppose -9*w = -w - j. What is the highest common factor of 20 and w?
20
Let t = 263 - -362. Suppose -2*u + t = -225. Suppose -3*k = -u - 202. What is the greatest common factor of 19 and k?
19
Suppose -432 + 72 = -3*p. Suppose 0 = -6*s + p - 36. Calculate the highest common factor of s and 14.
14
Suppose -1428 = 28*l - 32*l. Suppose 14 = v + 261. Let p = v + l. What is the highest common divisor of 44 and p?
22
Suppose -4*g + 16 = -0. Suppose -6*u + 25 = -u. Suppose 0 = -u*z + 27 - 7. What is the highest common factor of z and g?
4
Let k(g) = -2 + 2*g + 45*g**2 + 37*g**2 - g - 78*g**2. Let u be k(-2). Suppose 4*w - 76 = 68. Calculate the highest common factor of w and u.
12
Let d(c) = 2*c**2 + 18*c - 4. Let b be d(-10). What is the highest common divisor of b and 4?
4
Suppose -26*a + 32*a = 60. Let l(r) = -6 + 5*r + 16 + 8*r**2 + 4*r**3 - 5*r**3. Let d be l